{"id":145,"date":"2021-06-18T16:40:08","date_gmt":"2021-06-18T14:40:08","guid":{"rendered":"http:\/\/www.lespiedslibres.com\/blog\/?page_id=145"},"modified":"2024-03-22T10:59:36","modified_gmt":"2024-03-22T09:59:36","slug":"ateliers","status":"publish","type":"page","link":"http:\/\/www.lespiedslibres.com\/blog\/ateliers\/","title":{"rendered":"Ateliers"},"content":{"rendered":"\n<div class=\"wp-block-columns is-layout-flex wp-container-core-columns-is-layout-28f84493 wp-block-columns-is-layout-flex\">\n<div class=\"wp-block-column cadrecontenu is-layout-flow wp-block-column-is-layout-flow\">\n<h1 class=\"wp-block-heading\">Prochains ateliers : Les quatre types glandulaires<\/h1>\n\n\n\n<h2 class=\"wp-block-heading\">Comment \u00e9quilibrer son corps et \u00e9liminer du poids avec les 4 types glandulaires?<\/h2>\n\n\n\n<p>Th\u00e9rapeute :&nbsp;<a href=\"http:\/\/lespiedslibres.com\/index.php?page=Chantal-Neuffer-Reflexologie-Plantaire-LesPiedsLibres\">Chantal NEUFFER<\/a><\/p>\n\n\n\n<p><br>Ces ateliers s&rsquo;adressent autant aux femmes qu&rsquo;aux hommes soucieux de retrouver ou garder un \u00e9quilibre afin d&rsquo;\u00e9liminer du poids, ou am\u00e9liorer leur silhouette, leur \u00e9nergie et leurs \u00e9motions. Il n&rsquo;est pas n\u00e9cessaire d&rsquo;avoir suivi auparavant un cours d&rsquo;anatomie ni de conna\u00eetre le syst\u00e8me endocrinien !<br>&nbsp;<\/p>\n\n\n\n<p>Dates des ateliers en 2021&nbsp;:<\/p>\n\n\n\n<ul class=\"wp-block-list\">\n<li>Samedi 30 janvier<\/li>\n\n\n\n<li>Vendredi 26 mars<\/li>\n\n\n\n<li>Vendredi 4 juin<\/li>\n\n\n\n<li>Dimanche 26 septembre<\/li>\n\n\n\n<li>Samedi 6 novembre<\/li>\n<\/ul>\n\n\n\n<p><strong>Horaires&nbsp;: <\/strong>9h30 \u00e0 17h30 (avec une pause \u00e0 midi)<\/p>\n\n\n\n<p><strong>Prix de l&rsquo;atelier&nbsp;: <\/strong>150.- (100.- \u00e9tudiant et AVS)<\/p>\n\n\n\n<p>Pour des raisons de s\u00e9curit\u00e9 li\u00e9es \u00e0 la situation actuelle, je peux accueillir 4 personnes au maximum.<\/p>\n\n\n\n<p><strong>Autres fa\u00e7ons de participer \u00e0 un atelier&nbsp;:<\/strong><\/p>\n\n\n\n<ul class=\"wp-block-list\">\n<li>Cr\u00e9ez un groupe de minimum 3 personnes, me contacter pour trouver une date.<\/li>\n\n\n\n<li>Je peux \u00e9galement me d\u00e9placer et faire l&rsquo;atelier \u00e0 domicile (avec les r\u00e8gles d&rsquo;hygi\u00e8ne qui s&rsquo;imposent).<\/li>\n\n\n\n<li>Par Skype&nbsp;: 2 s\u00e9ances individuelles (en cours de pr\u00e9paration)<\/li>\n<\/ul>\n\n\n\n<p>Les <strong>inscriptions<\/strong> se font par mail \u00e0 <strong><u>contact@lespiedslibres.com<\/u><\/strong> , par t\u00e9l\u00e9phone ou SMS au <strong><u>(0041) 077 450 92 41<\/u><\/strong><\/p>\n<\/div>\n<\/div>\n\n\n\n<div class=\"wp-block-file alignright\"><a id=\"wp-block-file--media-2d6637e8-7c25-4e4c-aa3e-43808d88f566\" href=\"http:\/\/www.lespiedslibres.com\/blog\/wp-content\/uploads\/2024\/02\/Les_4_types_glandulaires_01102019.pdf\" target=\"_blank\" rel=\"noreferrer noopener\">LA PERTE DE POIDS SELON SON TYPE<br>GLANDULAIRE OU COMMENT \u00c9QUILIBRER SON<br>CORPS9<\/a><a href=\"http:\/\/www.lespiedslibres.com\/blog\/wp-content\/uploads\/2024\/02\/Les_4_types_glandulaires_01102019.pdf\" class=\"wp-block-file__button wp-element-button\" download aria-describedby=\"wp-block-file--media-2d6637e8-7c25-4e4c-aa3e-43808d88f566\">T\u00e9l\u00e9charger<\/a><\/div>\n","protected":false},"excerpt":{"rendered":"<p>Prochains ateliers : Les quatre types glandulaires Comment \u00e9quilibrer son corps et \u00e9liminer du poids avec les 4 types glandulaires? Th\u00e9rapeute :&nbsp;Chantal NEUFFER Ces ateliers s&rsquo;adressent autant aux femmes qu&rsquo;aux hommes soucieux de retrouver ou garder un \u00e9quilibre afin d&rsquo;\u00e9liminer du poids, ou am\u00e9liorer leur silhouette, leur \u00e9nergie et leurs \u00e9motions. Il n&rsquo;est pas n\u00e9cessaire [&hellip;]<\/p>\n","protected":false},"author":1,"featured_media":0,"parent":0,"menu_order":0,"comment_status":"closed","ping_status":"closed","template":"","meta":{"site-sidebar-layout":"default","site-content-layout":"","ast-site-content-layout":"default","site-content-style":"default","site-sidebar-style":"default","ast-global-header-display":"","ast-banner-title-visibility":"","ast-main-header-display":"","ast-hfb-above-header-display":"","ast-hfb-below-header-display":"","ast-hfb-mobile-header-display":"","site-post-title":"","ast-breadcrumbs-content":"","ast-featured-img":"","footer-sml-layout":"","theme-transparent-header-meta":"","adv-header-id-meta":"","stick-header-meta":"","header-above-stick-meta":"","header-main-stick-meta":"","header-below-stick-meta":"","astra-migrate-meta-layouts":"set","ast-page-background-enabled":"default","ast-page-background-meta":{"desktop":{"background-color":"var(--ast-global-color-4)","background-image":"","background-repeat":"repeat","background-position":"center center","background-size":"auto","background-attachment":"scroll","background-type":"","background-media":"","overlay-type":"","overlay-color":"","overlay-gradient":""},"tablet":{"background-color":"","background-image":"","background-repeat":"repeat","background-position":"center center","background-size":"auto","background-attachment":"scroll","background-type":"","background-media":"","overlay-type":"","overlay-color":"","overlay-gradient":""},"mobile":{"background-color":"","background-image":"","background-repeat":"repeat","background-position":"center center","background-size":"auto","background-attachment":"scroll","background-type":"","background-media":"","overlay-type":"","overlay-color":"","overlay-gradient":""}},"ast-content-background-meta":{"desktop":{"background-color":"var(--ast-global-color-5)","background-image":"","background-repeat":"repeat","background-position":"center center","background-size":"auto","background-attachment":"scroll","background-type":"","background-media":"","overlay-type":"","overlay-color":"","overlay-gradient":""},"tablet":{"background-color":"var(--ast-global-color-5)","background-image":"","background-repeat":"repeat","background-position":"center center","background-size":"auto","background-attachment":"scroll","background-type":"","background-media":"","overlay-type":"","overlay-color":"","overlay-gradient":""},"mobile":{"background-color":"var(--ast-global-color-5)","background-image":"","background-repeat":"repeat","background-position":"center center","background-size":"auto","background-attachment":"scroll","background-type":"","background-media":"","overlay-type":"","overlay-color":"","overlay-gradient":""}},"footnotes":""},"class_list":["post-145","page","type-page","status-publish","hentry"],"yoast_head":"<!-- This site is optimized with the Yoast SEO plugin v22.3 - https:\/\/yoast.com\/wordpress\/plugins\/seo\/ -->\n<title>Ateliers - Les Pieds Libres<\/title>\n<meta name=\"robots\" content=\"noindex, follow, max-snippet:-1, max-image-preview:large, max-video-preview:-1\" \/>\n<meta property=\"og:locale\" content=\"fr_FR\" \/>\n<meta property=\"og:type\" content=\"article\" \/>\n<meta property=\"og:title\" content=\"Ateliers - Les Pieds Libres\" \/>\n<meta property=\"og:description\" content=\"Prochains ateliers : Les quatre types glandulaires Comment \u00e9quilibrer son corps et \u00e9liminer du poids avec les 4 types glandulaires? Th\u00e9rapeute :&nbsp;Chantal NEUFFER Ces ateliers s&rsquo;adressent autant aux femmes qu&rsquo;aux hommes soucieux de retrouver ou garder un \u00e9quilibre afin d&rsquo;\u00e9liminer du poids, ou am\u00e9liorer leur silhouette, leur \u00e9nergie et leurs \u00e9motions. Il n&rsquo;est pas n\u00e9cessaire [&hellip;]\" \/>\n<meta property=\"og:url\" content=\"http:\/\/www.lespiedslibres.com\/blog\/ateliers\/\" \/>\n<meta property=\"og:site_name\" content=\"Les Pieds Libres\" \/>\n<meta property=\"article:modified_time\" content=\"2024-03-22T09:59:36+00:00\" \/>\n<meta name=\"twitter:card\" content=\"summary_large_image\" \/>\n<meta name=\"twitter:label1\" content=\"Dur\u00e9e de lecture estim\u00e9e\" \/>\n\t<meta name=\"twitter:data1\" content=\"2 minutes\" \/>\n<script type=\"application\/ld+json\" class=\"yoast-schema-graph\">{\"@context\":\"https:\/\/schema.org\",\"@graph\":[{\"@type\":\"WebPage\",\"@id\":\"http:\/\/www.lespiedslibres.com\/blog\/ateliers\/\",\"url\":\"http:\/\/www.lespiedslibres.com\/blog\/ateliers\/\",\"name\":\"Ateliers - Les Pieds Libres\",\"isPartOf\":{\"@id\":\"http:\/\/www.lespiedslibres.com\/blog\/#website\"},\"datePublished\":\"2021-06-18T14:40:08+00:00\",\"dateModified\":\"2024-03-22T09:59:36+00:00\",\"breadcrumb\":{\"@id\":\"http:\/\/www.lespiedslibres.com\/blog\/ateliers\/#breadcrumb\"},\"inLanguage\":\"fr-FR\",\"potentialAction\":[{\"@type\":\"ReadAction\",\"target\":[\"http:\/\/www.lespiedslibres.com\/blog\/ateliers\/\"]}]},{\"@type\":\"BreadcrumbList\",\"@id\":\"http:\/\/www.lespiedslibres.com\/blog\/ateliers\/#breadcrumb\",\"itemListElement\":[{\"@type\":\"ListItem\",\"position\":1,\"name\":\"Accueil\",\"item\":\"http:\/\/www.lespiedslibres.com\/blog\/\"},{\"@type\":\"ListItem\",\"position\":2,\"name\":\"Ateliers\"}]},{\"@type\":\"WebSite\",\"@id\":\"http:\/\/www.lespiedslibres.com\/blog\/#website\",\"url\":\"http:\/\/www.lespiedslibres.com\/blog\/\",\"name\":\"Les Pieds Libres\",\"description\":\"\",\"publisher\":{\"@id\":\"http:\/\/www.lespiedslibres.com\/blog\/#organization\"},\"potentialAction\":[{\"@type\":\"SearchAction\",\"target\":{\"@type\":\"EntryPoint\",\"urlTemplate\":\"http:\/\/www.lespiedslibres.com\/blog\/?s={search_term_string}\"},\"query-input\":\"required name=search_term_string\"}],\"inLanguage\":\"fr-FR\"},{\"@type\":\"Organization\",\"@id\":\"http:\/\/www.lespiedslibres.com\/blog\/#organization\",\"name\":\"Les Pieds Libres\",\"url\":\"http:\/\/www.lespiedslibres.com\/blog\/\",\"logo\":{\"@type\":\"ImageObject\",\"inLanguage\":\"fr-FR\",\"@id\":\"http:\/\/www.lespiedslibres.com\/blog\/#\/schema\/logo\/image\/\",\"url\":\"http:\/\/www.lespiedslibres.com\/blog\/wp-content\/uploads\/2021\/06\/logo-piedslibres-apres-vectorisation-74-trans.jpg\",\"contentUrl\":\"http:\/\/www.lespiedslibres.com\/blog\/wp-content\/uploads\/2021\/06\/logo-piedslibres-apres-vectorisation-74-trans.jpg\",\"width\":74,\"height\":73,\"caption\":\"Les Pieds Libres\"},\"image\":{\"@id\":\"http:\/\/www.lespiedslibres.com\/blog\/#\/schema\/logo\/image\/\"}}]}<\/script>\n<!-- \/ Yoast SEO plugin. -->","yoast_head_json":{"title":"Ateliers - Les Pieds Libres","robots":{"index":"noindex","follow":"follow","max-snippet":"max-snippet:-1","max-image-preview":"max-image-preview:large","max-video-preview":"max-video-preview:-1"},"og_locale":"fr_FR","og_type":"article","og_title":"Ateliers - Les Pieds Libres","og_description":"Prochains ateliers : Les quatre types glandulaires Comment \u00e9quilibrer son corps et \u00e9liminer du poids avec les 4 types glandulaires? Th\u00e9rapeute :&nbsp;Chantal NEUFFER Ces ateliers s&rsquo;adressent autant aux femmes qu&rsquo;aux hommes soucieux de retrouver ou garder un \u00e9quilibre afin d&rsquo;\u00e9liminer du poids, ou am\u00e9liorer leur silhouette, leur \u00e9nergie et leurs \u00e9motions. Il n&rsquo;est pas n\u00e9cessaire [&hellip;]","og_url":"http:\/\/www.lespiedslibres.com\/blog\/ateliers\/","og_site_name":"Les Pieds Libres","article_modified_time":"2024-03-22T09:59:36+00:00","twitter_card":"summary_large_image","twitter_misc":{"Dur\u00e9e de lecture estim\u00e9e":"2 minutes"},"schema":{"@context":"https:\/\/schema.org","@graph":[{"@type":"WebPage","@id":"http:\/\/www.lespiedslibres.com\/blog\/ateliers\/","url":"http:\/\/www.lespiedslibres.com\/blog\/ateliers\/","name":"Ateliers - Les Pieds Libres","isPartOf":{"@id":"http:\/\/www.lespiedslibres.com\/blog\/#website"},"datePublished":"2021-06-18T14:40:08+00:00","dateModified":"2024-03-22T09:59:36+00:00","breadcrumb":{"@id":"http:\/\/www.lespiedslibres.com\/blog\/ateliers\/#breadcrumb"},"inLanguage":"fr-FR","potentialAction":[{"@type":"ReadAction","target":["http:\/\/www.lespiedslibres.com\/blog\/ateliers\/"]}]},{"@type":"BreadcrumbList","@id":"http:\/\/www.lespiedslibres.com\/blog\/ateliers\/#breadcrumb","itemListElement":[{"@type":"ListItem","position":1,"name":"Accueil","item":"http:\/\/www.lespiedslibres.com\/blog\/"},{"@type":"ListItem","position":2,"name":"Ateliers"}]},{"@type":"WebSite","@id":"http:\/\/www.lespiedslibres.com\/blog\/#website","url":"http:\/\/www.lespiedslibres.com\/blog\/","name":"Les Pieds Libres","description":"","publisher":{"@id":"http:\/\/www.lespiedslibres.com\/blog\/#organization"},"potentialAction":[{"@type":"SearchAction","target":{"@type":"EntryPoint","urlTemplate":"http:\/\/www.lespiedslibres.com\/blog\/?s={search_term_string}"},"query-input":"required name=search_term_string"}],"inLanguage":"fr-FR"},{"@type":"Organization","@id":"http:\/\/www.lespiedslibres.com\/blog\/#organization","name":"Les Pieds Libres","url":"http:\/\/www.lespiedslibres.com\/blog\/","logo":{"@type":"ImageObject","inLanguage":"fr-FR","@id":"http:\/\/www.lespiedslibres.com\/blog\/#\/schema\/logo\/image\/","url":"http:\/\/www.lespiedslibres.com\/blog\/wp-content\/uploads\/2021\/06\/logo-piedslibres-apres-vectorisation-74-trans.jpg","contentUrl":"http:\/\/www.lespiedslibres.com\/blog\/wp-content\/uploads\/2021\/06\/logo-piedslibres-apres-vectorisation-74-trans.jpg","width":74,"height":73,"caption":"Les Pieds Libres"},"image":{"@id":"http:\/\/www.lespiedslibres.com\/blog\/#\/schema\/logo\/image\/"}}]}},"_links":{"self":[{"href":"http:\/\/www.lespiedslibres.com\/blog\/wp-json\/wp\/v2\/pages\/145","targetHints":{"allow":["GET"]}}],"collection":[{"href":"http:\/\/www.lespiedslibres.com\/blog\/wp-json\/wp\/v2\/pages"}],"about":[{"href":"http:\/\/www.lespiedslibres.com\/blog\/wp-json\/wp\/v2\/types\/page"}],"author":[{"embeddable":true,"href":"http:\/\/www.lespiedslibres.com\/blog\/wp-json\/wp\/v2\/users\/1"}],"replies":[{"embeddable":true,"href":"http:\/\/www.lespiedslibres.com\/blog\/wp-json\/wp\/v2\/comments?post=145"}],"version-history":[{"count":8,"href":"http:\/\/www.lespiedslibres.com\/blog\/wp-json\/wp\/v2\/pages\/145\/revisions"}],"predecessor-version":[{"id":370,"href":"http:\/\/www.lespiedslibres.com\/blog\/wp-json\/wp\/v2\/pages\/145\/revisions\/370"}],"wp:attachment":[{"href":"http:\/\/www.lespiedslibres.com\/blog\/wp-json\/wp\/v2\/media?parent=145"}],"curies":[{"name":"wp","href":"https:\/\/api.w.org\/{rel}","templated":true}]}}